{"id":10,"date":"2025-12-11T16:01:13","date_gmt":"2025-12-11T16:01:13","guid":{"rendered":"https:\/\/chandeleur.tlteixei.upv.edu.es\/?page_id=10"},"modified":"2026-01-08T13:56:00","modified_gmt":"2026-01-08T13:56:00","slug":"el-festival-de-la-chandeleur-en-benimaclet","status":"publish","type":"page","link":"https:\/\/chandeleur.tlteixei.upv.edu.es\/index.php\/el-festival-de-la-chandeleur-en-benimaclet\/","title":{"rendered":"FESTIVAL DE LA CHANDELEUR Y DE LA FRANC\u00d3FONA"},"content":{"rendered":"\n<p><em>La Chandeleur<\/em> es un proyecto cultural que tiene como prop\u00f3sito desarrollar una semana franc\u00f3fona en Benimaclet. Una propuesta que quiere resaltar el valor de la cultura franc\u00f3fona en nuestra sociedad.<\/p>\n\n\n\n<p>Desde la organizaci\u00f3n se ha escogido la fiesta de La Candelaria como nexo de uni\u00f3n entre la cultura francesa y la valenciana. Por ello, esta semana cultural iniciar\u00e1 el 26 de enero y concluir\u00e1 el 2 de febrero de 2026, d\u00eda de la Candelaria.<\/p>\n\n\n\n<p>El car\u00e1cter familiar de esta fiesta es lo que ha motivado a que sea el eje de esta semana cultural. Pues, desde la organizaci\u00f3n no s\u00f3lo se quiere difundir la cultura franc\u00f3fona, sino que tambi\u00e9n se busca fortalecer el tejido social. Por este motivo, se ha seleccionado Benimaclet como el espacio id\u00f3neo para llevar a cabo esta iniciativa, ya que cuenta con una fuerte participaci\u00f3n vecinal.<\/p>\n\n\n\n<p>Adem\u00e1s, esta semana cultural busca acercarnos a la francofon\u00eda, pero tambi\u00e9n a nuestros comercios m\u00e1s cercanos. De forma que las actividades programadas se realizar\u00e1n en diversos espacios de Benimaclet, para que los vecinos los vayan visitando a la vez que disfrutan de la oferta cultural. El objetivo es fomentar el comercio local generando un impacto econ\u00f3mico en los diversos negocios de la zona.<\/p>\n\n\n\n<figure class=\"wp-block-image size-large is-resized\"><img loading=\"lazy\" decoding=\"async\" width=\"724\" height=\"1024\" src=\"https:\/\/chandeleur.tlteixei.upv.edu.es\/wp-content\/uploads\/2026\/01\/LA-CHANDELEUR-affiche-1-724x1024.jpg\" alt=\"\" class=\"wp-image-340\" style=\"width:487px;height:auto\" srcset=\"https:\/\/chandeleur.tlteixei.upv.edu.es\/wp-content\/uploads\/2026\/01\/LA-CHANDELEUR-affiche-1-724x1024.jpg 724w, https:\/\/chandeleur.tlteixei.upv.edu.es\/wp-content\/uploads\/2026\/01\/LA-CHANDELEUR-affiche-1-212x300.jpg 212w, https:\/\/chandeleur.tlteixei.upv.edu.es\/wp-content\/uploads\/2026\/01\/LA-CHANDELEUR-affiche-1-768x1086.jpg 768w, https:\/\/chandeleur.tlteixei.upv.edu.es\/wp-content\/uploads\/2026\/01\/LA-CHANDELEUR-affiche-1-1086x1536.jpg 1086w, https:\/\/chandeleur.tlteixei.upv.edu.es\/wp-content\/uploads\/2026\/01\/LA-CHANDELEUR-affiche-1-1448x2048.jpg 1448w, https:\/\/chandeleur.tlteixei.upv.edu.es\/wp-content\/uploads\/2026\/01\/LA-CHANDELEUR-affiche-1.jpg 1587w\" sizes=\"auto, (max-width: 724px) 100vw, 724px\" \/><\/figure>\n\n\n\n<hr class=\"wp-block-separator has-alpha-channel-opacity is-style-wide\"\/>\n\n\n\n<iframe loading=\"lazy\" src=\"https:\/\/www.google.com\/maps\/d\/embed?mid=1i847bb682FHM7ZVuub3zGgnvyBkpYh8&#038;ehbc=2E312F\" width=\"640\" height=\"480\"><\/iframe>\n","protected":false},"excerpt":{"rendered":"<p>La Chandeleur es un proyecto cultural que tiene como prop\u00f3sito desarrollar una semana franc\u00f3fona en Benimaclet. Una propuesta que quiere [&hellip;]<\/p>\n","protected":false},"author":1,"featured_media":0,"parent":0,"menu_order":0,"comment_status":"closed","ping_status":"closed","template":"","meta":{"site-sidebar-layout":"default","site-content-layout":"","ast-site-content-layout":"normal-width-container","site-content-style":"boxed","site-sidebar-style":"default","ast-global-header-display":"","ast-banner-title-visibility":"","ast-main-header-display":"","ast-hfb-above-header-display":"","ast-hfb-below-header-display":"","ast-hfb-mobile-header-display":"","site-post-title":"","ast-breadcrumbs-content":"","ast-featured-img":"","footer-sml-layout":"","ast-disable-related-posts":"","theme-transparent-header-meta":"","adv-header-id-meta":"","stick-header-meta":"","header-above-stick-meta":"","header-main-stick-meta":"","header-below-stick-meta":"","astra-migrate-meta-layouts":"default","ast-page-background-enabled":"default","ast-page-background-meta":{"desktop":{"background-color":"var(--ast-global-color-5)","background-image":"","background-repeat":"repeat","background-position":"center center","background-size":"auto","background-attachment":"scroll","background-type":"","background-media":"","overlay-type":"","overlay-color":"","overlay-opacity":"","overlay-gradient":""},"tablet":{"background-color":"","background-image":"","background-repeat":"repeat","background-position":"center center","background-size":"auto","background-attachment":"scroll","background-type":"","background-media":"","overlay-type":"","overlay-color":"","overlay-opacity":"","overlay-gradient":""},"mobile":{"background-color":"","background-image":"","background-repeat":"repeat","background-position":"center center","background-size":"auto","background-attachment":"scroll","background-type":"","background-media":"","overlay-type":"","overlay-color":"","overlay-opacity":"","overlay-gradient":""}},"ast-content-background-meta":{"desktop":{"background-color":"var(--ast-global-color-4)","background-image":"","background-repeat":"repeat","background-position":"center center","background-size":"auto","background-attachment":"scroll","background-type":"","background-media":"","overlay-type":"","overlay-color":"","overlay-opacity":"","overlay-gradient":""},"tablet":{"background-color":"var(--ast-global-color-4)","background-image":"","background-repeat":"repeat","background-position":"center center","background-size":"auto","background-attachment":"scroll","background-type":"","background-media":"","overlay-type":"","overlay-color":"","overlay-opacity":"","overlay-gradient":""},"mobile":{"background-color":"var(--ast-global-color-4)","background-image":"","background-repeat":"repeat","background-position":"center center","background-size":"auto","background-attachment":"scroll","background-type":"","background-media":"","overlay-type":"","overlay-color":"","overlay-opacity":"","overlay-gradient":""}},"footnotes":""},"class_list":["post-10","page","type-page","status-publish","hentry"],"_links":{"self":[{"href":"https:\/\/chandeleur.tlteixei.upv.edu.es\/index.php\/wp-json\/wp\/v2\/pages\/10","targetHints":{"allow":["GET"]}}],"collection":[{"href":"https:\/\/chandeleur.tlteixei.upv.edu.es\/index.php\/wp-json\/wp\/v2\/pages"}],"about":[{"href":"https:\/\/chandeleur.tlteixei.upv.edu.es\/index.php\/wp-json\/wp\/v2\/types\/page"}],"author":[{"embeddable":true,"href":"https:\/\/chandeleur.tlteixei.upv.edu.es\/index.php\/wp-json\/wp\/v2\/users\/1"}],"replies":[{"embeddable":true,"href":"https:\/\/chandeleur.tlteixei.upv.edu.es\/index.php\/wp-json\/wp\/v2\/comments?post=10"}],"version-history":[{"count":13,"href":"https:\/\/chandeleur.tlteixei.upv.edu.es\/index.php\/wp-json\/wp\/v2\/pages\/10\/revisions"}],"predecessor-version":[{"id":345,"href":"https:\/\/chandeleur.tlteixei.upv.edu.es\/index.php\/wp-json\/wp\/v2\/pages\/10\/revisions\/345"}],"wp:attachment":[{"href":"https:\/\/chandeleur.tlteixei.upv.edu.es\/index.php\/wp-json\/wp\/v2\/media?parent=10"}],"curies":[{"name":"wp","href":"https:\/\/api.w.org\/{rel}","templated":true}]}}