{"id":300,"date":"2026-01-08T12:59:48","date_gmt":"2026-01-08T12:59:48","guid":{"rendered":"https:\/\/chandeleur.tlteixei.upv.edu.es\/?page_id=300"},"modified":"2026-01-08T16:07:12","modified_gmt":"2026-01-08T16:07:12","slug":"mercadillo","status":"publish","type":"page","link":"https:\/\/chandeleur.tlteixei.upv.edu.es\/index.php\/mercadillo\/","title":{"rendered":"MERCADILLO"},"content":{"rendered":"\n<h2 class=\"wp-block-heading\"><strong><em>Mercadillo<\/em><\/strong><strong><em> f<\/em><\/strong><strong><em>ranc\u00f3<\/em><\/strong><strong><em>f<\/em><\/strong><strong><em>ono<\/em><\/strong><\/h2>\n\n\n\n<p><strong>\ud83d\udccdPlaza de Benimaclet<\/strong><\/p>\n\n\n\n<p><strong><img loading=\"lazy\" decoding=\"async\" width=\"7\" height=\"7\" src=\"blob:https:\/\/chandeleur.tlteixei.upv.edu.es\/54180131-72e6-4188-8eec-624ef68d986a\">\u00a0Del Viernes 30 de Enero a las 18:00h hasta el Domingo 2 de Febrero<\/strong><\/p>\n\n\n\n<p><strong>La plaza de Benimaclet es el n\u00facleo de su vida urbana, un punto de encuentro para vecinos y visitantes de la zona. Por este motivo es un lugar clave para emplazar una actividad durante la semana cultural en el barrio, sobre todo, porque el constante movimiento social en la plaza favorece la participaci\u00f3n de los vecinos en las actividades.<\/strong><br><br><strong>Este mercadillo contar\u00e1 con tres puestos que ofrecer\u00e1n productos t\u00edpicos de la gastronom\u00eda francesa. Para la gesti\u00f3n de cada uno de ellos se contratar\u00e1 a una empresa especializada en cada producto, ubicada en Benimaclet. Desde la organizaci\u00f3n del festival se contratar\u00e1 una instalaci\u00f3n de tres carpas, una para cada puesto, de forma que se encuentren protegidos de los diversos efectos meteorol\u00f3gicos que pueden perjudicar a los alimentos.<\/strong><br><br><strong>El primer puesto ser\u00e1 de quesos y el segundo de vino, dos productos caracter\u00edsticos de la gastronom\u00eda francesa. Para el primero se contratar\u00e1 a la charcuter\u00eda <em>Corte Ib\u00e9rico<\/em> y para el segundo a la enoteca <em>Zona de Catas<\/em>, ambas empresas realizar\u00e1n una selecci\u00f3n de productos que vender\u00e1n en la plaza. Por otra parte, la fiesta de la Candelaria se caracteriza por la realizaci\u00f3n de crepes, una tradici\u00f3n familiar que se quiere trasladar a Benimaclet creando un ambiente acogedor en la plaza. Para ello el puesto principal de este mercadillo es un stand donde la empresa <em>Hansel y Crepel<\/em> vender\u00e1 crepes de distintos sabores. Pues \u00bfqu\u00e9 mejor forma de acercarse a la cultura francesa que a trav\u00e9s de un crepe caliente en pleno invierno?.zPlaza de Benimaclet<\/strong><\/p>\n\n\n\n<hr class=\"wp-block-separator has-alpha-channel-opacity\"\/>\n\n\n\n<figure class=\"wp-block-image size-full\"><img loading=\"lazy\" decoding=\"async\" width=\"600\" height=\"400\" src=\"https:\/\/chandeleur.tlteixei.upv.edu.es\/wp-content\/uploads\/2026\/01\/Fromage-France-Ou-acheter-marche.jpg\" alt=\"\" class=\"wp-image-355\" srcset=\"https:\/\/chandeleur.tlteixei.upv.edu.es\/wp-content\/uploads\/2026\/01\/Fromage-France-Ou-acheter-marche.jpg 600w, https:\/\/chandeleur.tlteixei.upv.edu.es\/wp-content\/uploads\/2026\/01\/Fromage-France-Ou-acheter-marche-300x200.jpg 300w\" sizes=\"auto, (max-width: 600px) 100vw, 600px\" \/><\/figure>\n\n\n\n<p><\/p>\n","protected":false},"excerpt":{"rendered":"<p>Mercadillo franc\u00f3fono \ud83d\udccdPlaza de Benimaclet \u00a0Del Viernes 30 de Enero a las 18:00h hasta el Domingo 2 de Febrero La [&hellip;]<\/p>\n","protected":false},"author":1,"featured_media":0,"parent":0,"menu_order":0,"comment_status":"closed","ping_status":"closed","template":"","meta":{"site-sidebar-layout":"default","site-content-layout":"","ast-site-content-layout":"default","site-content-style":"boxed","site-sidebar-style":"default","ast-global-header-display":"","ast-banner-title-visibility":"","ast-main-header-display":"","ast-hfb-above-header-display":"","ast-hfb-below-header-display":"","ast-hfb-mobile-header-display":"","site-post-title":"","ast-breadcrumbs-content":"","ast-featured-img":"","footer-sml-layout":"","ast-disable-related-posts":"","theme-transparent-header-meta":"","adv-header-id-meta":"","stick-header-meta":"","header-above-stick-meta":"","header-main-stick-meta":"","header-below-stick-meta":"","astra-migrate-meta-layouts":"default","ast-page-background-enabled":"default","ast-page-background-meta":{"desktop":{"background-color":"var(--ast-global-color-5)","background-image":"","background-repeat":"repeat","background-position":"center center","background-size":"auto","background-attachment":"scroll","background-type":"","background-media":"","overlay-type":"","overlay-color":"","overlay-opacity":"","overlay-gradient":""},"tablet":{"background-color":"","background-image":"","background-repeat":"repeat","background-position":"center center","background-size":"auto","background-attachment":"scroll","background-type":"","background-media":"","overlay-type":"","overlay-color":"","overlay-opacity":"","overlay-gradient":""},"mobile":{"background-color":"","background-image":"","background-repeat":"repeat","background-position":"center center","background-size":"auto","background-attachment":"scroll","background-type":"","background-media":"","overlay-type":"","overlay-color":"","overlay-opacity":"","overlay-gradient":""}},"ast-content-background-meta":{"desktop":{"background-color":"var(--ast-global-color-4)","background-image":"","background-repeat":"repeat","background-position":"center center","background-size":"auto","background-attachment":"scroll","background-type":"","background-media":"","overlay-type":"","overlay-color":"","overlay-opacity":"","overlay-gradient":""},"tablet":{"background-color":"var(--ast-global-color-4)","background-image":"","background-repeat":"repeat","background-position":"center center","background-size":"auto","background-attachment":"scroll","background-type":"","background-media":"","overlay-type":"","overlay-color":"","overlay-opacity":"","overlay-gradient":""},"mobile":{"background-color":"var(--ast-global-color-4)","background-image":"","background-repeat":"repeat","background-position":"center center","background-size":"auto","background-attachment":"scroll","background-type":"","background-media":"","overlay-type":"","overlay-color":"","overlay-opacity":"","overlay-gradient":""}},"footnotes":""},"class_list":["post-300","page","type-page","status-publish","hentry"],"_links":{"self":[{"href":"https:\/\/chandeleur.tlteixei.upv.edu.es\/index.php\/wp-json\/wp\/v2\/pages\/300","targetHints":{"allow":["GET"]}}],"collection":[{"href":"https:\/\/chandeleur.tlteixei.upv.edu.es\/index.php\/wp-json\/wp\/v2\/pages"}],"about":[{"href":"https:\/\/chandeleur.tlteixei.upv.edu.es\/index.php\/wp-json\/wp\/v2\/types\/page"}],"author":[{"embeddable":true,"href":"https:\/\/chandeleur.tlteixei.upv.edu.es\/index.php\/wp-json\/wp\/v2\/users\/1"}],"replies":[{"embeddable":true,"href":"https:\/\/chandeleur.tlteixei.upv.edu.es\/index.php\/wp-json\/wp\/v2\/comments?post=300"}],"version-history":[{"count":7,"href":"https:\/\/chandeleur.tlteixei.upv.edu.es\/index.php\/wp-json\/wp\/v2\/pages\/300\/revisions"}],"predecessor-version":[{"id":410,"href":"https:\/\/chandeleur.tlteixei.upv.edu.es\/index.php\/wp-json\/wp\/v2\/pages\/300\/revisions\/410"}],"wp:attachment":[{"href":"https:\/\/chandeleur.tlteixei.upv.edu.es\/index.php\/wp-json\/wp\/v2\/media?parent=300"}],"curies":[{"name":"wp","href":"https:\/\/api.w.org\/{rel}","templated":true}]}}